{"id":2,"date":"2013-05-09T21:50:30","date_gmt":"2013-05-09T21:50:30","guid":{"rendered":"http:\/\/www.botas.se\/?page_id=2"},"modified":"2026-03-13T01:53:39","modified_gmt":"2026-03-13T00:53:39","slug":"exempelsida","status":"publish","type":"page","link":"https:\/\/www.botas.se\/?page_id=2","title":{"rendered":"Br\u00f6llopsbilder"},"content":{"rendered":"<p style=\"text-align: center;\">Klicka p\u00e5 nedan f\u00f6r att komma till v\u00e5ra bildgallerier fr\u00e5n br\u00f6llopshelgen.<\/p>\n<p style=\"text-align: center;\"><a title=\"Bilder p\u00e5 brudparet\" href=\"http:\/\/www.botas.se\/?page_id=498\"><img loading=\"lazy\" decoding=\"async\" class=\"aligncenter size-thumbnail wp-image-510\" src=\"http:\/\/www.botas.se\/wp-content\/uploads\/2013\/06\/12-glatt-155x117.jpg\" alt=\"12 glatt\" width=\"155\" height=\"117\" srcset=\"https:\/\/www.botas.se\/wp-content\/uploads\/2013\/06\/12-glatt-155x117.jpg 155w, https:\/\/www.botas.se\/wp-content\/uploads\/2013\/06\/12-glatt-300x228.jpg 300w, https:\/\/www.botas.se\/wp-content\/uploads\/2013\/06\/12-glatt.jpg 920w\" sizes=\"auto, (max-width: 155px) 100vw, 155px\" \/><\/a><\/p>\n<p style=\"text-align: center;\"><a title=\"Bilder p\u00e5 brudparet\" href=\"http:\/\/www.botas.se\/?page_id=498\">Brudparet<\/a><\/p>\n<p style=\"text-align: center;\"><a title=\"Bilder fr\u00e5n vigselakten\" href=\"http:\/\/www.botas.se\/?page_id=383\"><img loading=\"lazy\" decoding=\"async\" class=\"aligncenter size-thumbnail wp-image-403\" src=\"http:\/\/www.botas.se\/wp-content\/uploads\/2013\/06\/20-L\u00f6ftena-155x102.jpg\" alt=\"L\u00f6ftena\" width=\"155\" height=\"102\" srcset=\"https:\/\/www.botas.se\/wp-content\/uploads\/2013\/06\/20-L\u00f6ftena-155x102.jpg 155w, https:\/\/www.botas.se\/wp-content\/uploads\/2013\/06\/20-L\u00f6ftena-300x198.jpg 300w, https:\/\/www.botas.se\/wp-content\/uploads\/2013\/06\/20-L\u00f6ftena-175x114.jpg 175w, https:\/\/www.botas.se\/wp-content\/uploads\/2013\/06\/20-L\u00f6ftena.jpg 700w\" sizes=\"auto, (max-width: 155px) 100vw, 155px\" \/><\/a><\/p>\n<p style=\"text-align: center;\"><a title=\"Bilder fr\u00e5n vigselakten\" href=\"http:\/\/www.botas.se\/?page_id=383\">Vigselakten<\/a><\/p>\n<p style=\"text-align: center;\">\n<a title=\"Bilder fr\u00e5n kyrkbacken\" href=\"http:\/\/www.botas.se\/?page_id=453\"><img loading=\"lazy\" decoding=\"async\" class=\"aligncenter size-thumbnail wp-image-455\" src=\"http:\/\/www.botas.se\/wp-content\/uploads\/2013\/06\/2-brudparet-ris-155x111.jpg\" alt=\"2 brudparet ris\" width=\"155\" height=\"111\" srcset=\"https:\/\/www.botas.se\/wp-content\/uploads\/2013\/06\/2-brudparet-ris-155x111.jpg 155w, https:\/\/www.botas.se\/wp-content\/uploads\/2013\/06\/2-brudparet-ris-300x215.jpg 300w, https:\/\/www.botas.se\/wp-content\/uploads\/2013\/06\/2-brudparet-ris.jpg 700w\" sizes=\"auto, (max-width: 155px) 100vw, 155px\" \/><\/a><\/p>\n<p style=\"text-align: center;\"><a title=\"Bilder fr\u00e5n kyrkbacken\" href=\"http:\/\/www.botas.se\/?page_id=453\">Kyrkbacken<\/a><\/p>\n<p style=\"text-align: center;\"><a title=\"Bilder fr\u00e5n middag och fest\" href=\"http:\/\/www.botas.se\/?page_id=428\"><img loading=\"lazy\" decoding=\"async\" class=\"aligncenter size-thumbnail wp-image-431 \" src=\"http:\/\/www.botas.se\/wp-content\/uploads\/2013\/06\/3-1-Maten-102x155.jpg\" alt=\"Den underbara maten!\" width=\"102\" height=\"155\" srcset=\"https:\/\/www.botas.se\/wp-content\/uploads\/2013\/06\/3-1-Maten-102x155.jpg 102w, https:\/\/www.botas.se\/wp-content\/uploads\/2013\/06\/3-1-Maten-198x300.jpg 198w, https:\/\/www.botas.se\/wp-content\/uploads\/2013\/06\/3-1-Maten.jpg 464w\" sizes=\"auto, (max-width: 102px) 100vw, 102px\" \/><\/a><\/p>\n<p style=\"text-align: center;\"><a title=\"Bilder fr\u00e5n middag och fest\" href=\"http:\/\/www.botas.se\/?page_id=428\">Middag och fest<\/a><\/p>\n<p style=\"text-align: center;\">\n<a title=\"Bilder p\u00e5 v\u00e5ra k\u00e4ra g\u00e4ster\" href=\"http:\/\/www.botas.se\/?page_id=372\"><img loading=\"lazy\" decoding=\"async\" class=\"aligncenter size-thumbnail wp-image-342\" src=\"http:\/\/www.botas.se\/wp-content\/uploads\/2013\/06\/37-Johan-Elin-102x155.jpg\" alt=\"Johan och Elin\" width=\"102\" height=\"155\" srcset=\"https:\/\/www.botas.se\/wp-content\/uploads\/2013\/06\/37-Johan-Elin-102x155.jpg 102w, https:\/\/www.botas.se\/wp-content\/uploads\/2013\/06\/37-Johan-Elin-198x300.jpg 198w, https:\/\/www.botas.se\/wp-content\/uploads\/2013\/06\/37-Johan-Elin.jpg 464w\" sizes=\"auto, (max-width: 102px) 100vw, 102px\" \/><\/a><\/p>\n<p style=\"text-align: center;\"><a title=\"Bilder p\u00e5 v\u00e5ra k\u00e4ra g\u00e4ster\" href=\"http:\/\/www.botas.se\/?page_id=372\">G\u00e4sterna<\/a><\/p>\n<p style=\"text-align: center;\">\n<a title=\"Bilder fr\u00e5n dagen efter\" href=\"http:\/\/www.botas.se\/?page_id=517\"><img loading=\"lazy\" decoding=\"async\" class=\"aligncenter size-thumbnail wp-image-519\" src=\"http:\/\/www.botas.se\/wp-content\/uploads\/2013\/06\/2-Alla-i-bruds\u00e4ngen-103x155.jpg\" alt=\"2 Alla i bruds\u00e4ngen\" width=\"103\" height=\"155\" srcset=\"https:\/\/www.botas.se\/wp-content\/uploads\/2013\/06\/2-Alla-i-bruds\u00e4ngen-103x155.jpg 103w, https:\/\/www.botas.se\/wp-content\/uploads\/2013\/06\/2-Alla-i-bruds\u00e4ngen-199x300.jpg 199w, https:\/\/www.botas.se\/wp-content\/uploads\/2013\/06\/2-Alla-i-bruds\u00e4ngen.jpg 466w\" sizes=\"auto, (max-width: 103px) 100vw, 103px\" \/><\/a><\/p>\n<p style=\"text-align: center;\"><a title=\"Bilder fr\u00e5n dagen efter\" href=\"http:\/\/www.botas.se\/?page_id=517\">Dagen efter<\/a><\/p>\n","protected":false},"excerpt":{"rendered":"<p>Klicka p\u00e5 nedan f\u00f6r att komma till v\u00e5ra bildgallerier fr\u00e5n br\u00f6llopshelgen. Brudparet Vigselakten Kyrkbacken Middag och fest G\u00e4sterna Dagen efter<\/p>\n","protected":false},"author":1,"featured_media":403,"parent":0,"menu_order":0,"comment_status":"open","ping_status":"open","template":"","meta":{"footnotes":""},"class_list":["post-2","page","type-page","status-publish","has-post-thumbnail","hentry"],"_links":{"self":[{"href":"https:\/\/www.botas.se\/index.php?rest_route=\/wp\/v2\/pages\/2","targetHints":{"allow":["GET"]}}],"collection":[{"href":"https:\/\/www.botas.se\/index.php?rest_route=\/wp\/v2\/pages"}],"about":[{"href":"https:\/\/www.botas.se\/index.php?rest_route=\/wp\/v2\/types\/page"}],"author":[{"embeddable":true,"href":"https:\/\/www.botas.se\/index.php?rest_route=\/wp\/v2\/users\/1"}],"replies":[{"embeddable":true,"href":"https:\/\/www.botas.se\/index.php?rest_route=%2Fwp%2Fv2%2Fcomments&post=2"}],"version-history":[{"count":52,"href":"https:\/\/www.botas.se\/index.php?rest_route=\/wp\/v2\/pages\/2\/revisions"}],"predecessor-version":[{"id":609,"href":"https:\/\/www.botas.se\/index.php?rest_route=\/wp\/v2\/pages\/2\/revisions\/609"}],"wp:featuredmedia":[{"embeddable":true,"href":"https:\/\/www.botas.se\/index.php?rest_route=\/wp\/v2\/media\/403"}],"wp:attachment":[{"href":"https:\/\/www.botas.se\/index.php?rest_route=%2Fwp%2Fv2%2Fmedia&parent=2"}],"curies":[{"name":"wp","href":"https:\/\/api.w.org\/{rel}","templated":true}]}}